*3 + 8*p**2 + 14*p - 7. Let l = 17 + -22. Let k be i(l). Let q = 6 - k. What are the prime factors of q?
2
Suppose 0 = -y + 2*i + 25396, 3*i + 50804 = 2*y + 2*i. What are the prime factors of y?
2, 3, 29, 73
Suppose -12*u = -56 - 16. Suppose u*z - 509 = 403. What are the prime factors of z?
2, 19
Suppose -483 = -b - 477. Let u(a) = 14*a**2 + 15*a - 82. List the prime factors of u(b).
2
Let r = -153 + 157. Suppose -r*c = 4*v - 248, 4*c + 256 = 4*v + 6*c. List the prime factors of v.
2, 3, 11
Suppose -5*c + 190060 = -5*o, -7*c + 4*c + 113994 = 4*o. What are the prime factors of c?
2, 31, 613
Let d = 2766 + 790. Suppose 0 = -23*n + 16*n + d. List the prime factors of n.
2, 127
Let w(h) be the third derivative of -h**5/60 + 41*h**3 + 189*h**2. What are the prime factors of w(0)?
2, 3, 41
Suppose -2*h - 2*t + 16 = 0, 2*t = -10 - 0. Suppose m + 14 = -h*m. What are the prime factors of 1*m + (1 - 6)*-5?
2, 3
Suppose -15224 = -2601*c + 2597*c. List the prime factors of c.
2, 11, 173
Suppose t - 73 = -5*g + 39, t - 46 = -2*g. Suppose 7809 = -3*w + g*w. List the prime factors of w.
3, 137
Let a = 11864 + -1762. List the prime factors of a.
2, 5051
Let n(r) = -1671*r - 647. What are the prime factors of n(-6)?
83, 113
Suppose 0 = -109*j + 115*j - 30. Suppose -j*u + 4*u + 601 = 0. What are the prime factors of u?
601
Suppose 14 = 4*p - 2*j, -6*j + 7*j + 17 = 4*p. Suppose 0 = 2*m + 1 + p. What are the prime factors of (4/6)/(m + (-1650)/(-549))?
2, 61
Suppose 5*y = 2*w + 174577, y + w = 3790 + 31124. List the prime factors of y.
5, 6983
Suppose -2*t + 9*m + 4632 = 13*m, 2325 = t - m. List the prime factors of t.
2, 3, 43
Let h = -132 - -190. Suppose 2668 = -56*c + h*c. List the prime factors of c.
2, 23, 29
Let l = 258 - 219. What are the prime factors of (-256)/(-3) - 13/l?
5, 17
Suppose 4*u + 2*r - 1160 = 0, -u + 285 = r - 3*r. Suppose 3*q + 335 = -2*q. Let x = u + q. List the prime factors of x.
2, 3, 37
Suppose 0 = 6*h + 790 + 1100. Let t = h - -481. What are the prime factors of t?
2, 83
Suppose 3*r + 180 = 9*r. Suppose 3*k + r = -2*x, x - 5*k + 125 = -4*x. What are the prime factors of 36/x*(-56)/12?
2
Let l(s) = -1 - 51*s - s**2 + 51*s - 4*s**2. Let j be l(1). List the prime factors of 2/j + 4718/42.
2, 7
Suppose 0*f - 22*f - 132*f = -1320550. What are the prime factors of f?
5, 7
Suppose 5*c = 2304 + 7171. Let f = 2743 - c. List the prime factors of f.
2, 53
What are the prime factors of (7 + 0)/((-57)/(-55917))?
3, 7, 109
Let k be (243/(-36))/(9/(-5496)). Suppose 6*n = 666 + k. List the prime factors of n.
2, 3, 7, 19
Suppose 3*w + 5 = 4*w. Suppose 4*l + 4 = 4*q, -w*l + 5 = -3*q - 0. Suppose -z = -5*i + 2*i - 37, l*i + 106 = 3*z. List the prime factors of z.
2, 17
Suppose -6*f + 4 = -8. Suppose -5 = -2*z + 3*g - 4*g, z = -f*g + 4. Suppose z*r - 433 = -5*h, 0 = 4*r - 1 + 5. List the prime factors of h.
3, 29
Suppose 0 = i - h + 3*h + 6, -4*i + 5*h + 2 = 0. Let r be (-1 - 232)/(1/i). Let z = 660 - r. List the prime factors of z.
2, 97
Suppose -5*u + 688 = -597. Let c = u + 92. List the prime factors of c.
349
Suppose 7856956 = 331*q - 3200430. What are the prime factors of q?
2, 16703
Let l(d) = -1504*d - 3245. List the prime factors of l(-14).
3, 1979
Let b = 8 + 543. Suppose -5*u - b = -3*x + 146, u = 5*x - 157. Let a = u + 206. What are the prime factors of a?
3, 23
Suppose -20 = 58*p - 310. Suppose 4782 = p*y + 4*u, -7*y + 12*y - u - 4767 = 0. What are the prime factors of y?
2, 3, 53
Let a(k) = 5*k**2 + 15*k + 8. Let m be a(-8). Suppose -1452 = 204*c - m*c. List the prime factors of c.
3, 11
Suppose -459 = 7*o + 24. Let c = -71 - o. List the prime factors of 2 + (-290 - -4)/c.
5, 29
Let f be ((-2)/4)/(14/2828). Let b = 237 + f. What are the prime factors of b?
2, 17
Let v = -7214 - -15538. List the prime factors of v.
2, 2081
Let b = -3186 - -5677. List the prime factors of b.
47, 53
Suppose 230*p + 3*m = 226*p + 54328, p - m - 13575 = 0. What are the prime factors of p?
37, 367
Let t(p) = -4*p + 0 + p - 8 + 4*p**2 - 9. What are the prime factors of t(4)?
5, 7
Suppose -3*p + 314448 = 39*p + 6*p. What are the prime factors of p?
6551
Suppose 0 = -4*u - 12, n + 0*u - 5*u = 24. Suppose 15 = -4*y + n*y. Suppose -2*m = 4*v - 384, -2*m = y*v + m - 288. What are the prime factors of v?
2, 3
Let x be (-2 - -8 - 2) + 0 + 3. Suppose 9*v - x*v - 12 = 0. Suppose 0 = -0*n + v*n - 486. List the prime factors of n.
3
Let a(s) = 652*s**2 - 513*s + 3067. List the prime factors of a(6).
29, 809
Let k be 5 - 3 - -402 - 4. Suppose -2*g + k + 208 = 0. What are the prime factors of g?
2, 19
Suppose -5*x + 2881 + 20216 = -4*b, b = -2*x + 9231. List the prime factors of x.
3, 19
Let z be 2 + (2898/(-105) - 6/(-10)). Let p = 114 + z. List the prime factors of p.
89
Let c be (7 - 4)*(-3 + 2) + -14. Let g be 16/48 - c/3. Suppose 0 = -g*k + 223 + 185. List the prime factors of k.
2, 17
Suppose 29*j = 36*j - 8638. Let o = j - 492. What are the prime factors of o?
2, 7, 53
Suppose -f = -3*y + 35014, 0 = 5*y - 0*f - 4*f - 58345. List the prime factors of y.
3, 1297
Let w(b) = -219*b - 782. What are the prime factors of w(-89)?
53, 353
Suppose 0*a + 34*a - 383487 = 1161677. What are the prime factors of a?
2, 31, 733
List the prime factors of ((-5186)/(-4))/((504/(-240))/(-21)).
5, 2593
Let v(r) = 1270*r + 5. Let n(b) = 6*b**2 - 39*b - 20. Let x be n(7). What are the prime factors of v(x)?
3, 5, 17
What are the prime factors of -7 + 11 + 3120 + 6?
2, 5, 313
Let j(k) = -162*k**2 + 18*k - 96. Let v(f) = -10*f**2 + f - 6. Let r(a) = 2*j(a) - 33*v(a). List the prime factors of r(-8).
2, 3, 61
Let y(h) = -14*h**3 - h**2 - 2*h. Let a be y(-1). Suppose -a*u + 84952 = 26*u. What are the prime factors of u?
2, 7, 37
Suppose -d = -4*w - 3159 - 4900, 5*d - 8055 = 4*w. Let v = -1256 - w. What are the prime factors of v?
3, 11, 23
Let y(h) = -80*h - 91. Let w = 43 + -49. List the prime factors of y(w).
389
Let u(z) = 5*z**2 + 14*z - 544. What are the prime factors of u(30)?
2, 547
Suppose 0 = -2*q - 368 + 9890. List the prime factors of q.
3, 23
Let k = -6040 - -31462. What are the prime factors of k?
2, 3, 19, 223
Suppose 10 = -2*r, 2*t - 4*t - 5*r + 23909 = 0. List the prime factors of t.
3, 3989
Suppose 3*v = -5*u + 2, 4*v = u - 4 - 1. What are the prime factors of ((-48)/36)/(v/36) - 3?
3, 5
Let n be -4 - (1*-6)/(-2). Let w be 3/(-1)*1 - n. Suppose w*p = p + 171. What are the prime factors of p?
3, 19
Let o(i) = i**2 - 10*i - 21. Let l be o(15). Suppose -2*y + 114 = -l. What are the prime factors of y?
2, 3, 7
Suppose 36*v - 10447 = 19289. What are the prime factors of v?
2, 7, 59
Let m(v) = 61*v**2 - 7*v - 44. What are the prime factors of m(-8)?
2, 11, 89
Let l = -140684 + 208911. What are the prime factors of l?
68227
What are the prime factors of (1934321/1141)/(1/7)?
11867
Suppose -2*h = h + 3. Suppose 76 = -3120*y + 3101*y. List the prime factors of y/3*(716/(-8) - h).
2, 59
Let c(u) = 38*u**2 - 7*u + u**3 + 37*u**2 + 12 - 61*u**2. What are the prime factors of c(-8)?
2, 113
Suppose -5*i = 4*f - 66597, -3*f + 4*i = -42424 - 7547. What are the prime factors of f?
3, 7, 13, 61
Let j(a) be the third derivative of 17*a**4/8 + 395*a**3/6 - 3*a**2 - 60*a. List the prime factors of j(32).
2027
Let b(m) = m**3 - 104*m**2 - 23*m - 1093. List the prime factors of b(106).
13, 31, 47
Let q = -13166 - -22911. What are the prime factors of q?
5, 1949
Let k(q) = -2*q + 22. Let i be k(9). Suppose -3*f + 156 = -5*p + 2*p, -i*p = 5*f + 226. List the prime factors of (-1611)/p - 1/(-6).
2, 3, 5
Let j = -70 + 72. Suppose 2548 = 5*p - j*q, -10*p = -15*p - 4*q + 2524. List the prime factors of p.
2, 127
Let g = 346 + 116. Suppose 5*h - 4*v - 807 = 0, -g = 3*h - 6*h - 5*v. What are the prime factors of h?
3, 53
Let y(x) = 3376*x + 1205. List the prime factors of y(3).
7, 1619
Let o be (138/24)/((-2)/(3160/5)). Let s = -210 - o. What are the prime factors of s?
1607
Let p(q) = -70 - 95 - 65*q + 31 + 44*q. List the prime factors of p(-30).
2, 31
Let p(h) = 3*h + 45. Let i be p(-13). Let d be i/(-12) - 5/(-2). Suppose -106 = -4*z + a, z + d*a = -0*z + 31. List the prime factors of z.
3
Suppose -230 = r + o, 6*o = 5*r + o + 1130. List the prime factors of -3 + 0 - (4 + r - 5).
2, 113
Suppose 0 = 13*b